{"id":1571,"date":"2025-09-30T17:28:19","date_gmt":"2025-09-30T15:28:19","guid":{"rendered":"https:\/\/refletsdarbres.fr\/?post_type=product&#038;p=1571"},"modified":"2026-03-22T11:15:06","modified_gmt":"2026-03-22T10:15:06","slug":"pecher-montclar","status":"publish","type":"product","link":"https:\/\/refletsdarbres.fr\/index.php\/produit\/pecher-montclar\/","title":{"rendered":"P\u00eacher Montclar"},"content":{"rendered":"<p>Porte-greffe de p\u00eacher de forte vigueur, favorisant une croissance rapide. Adapt\u00e9 \u00e0 tout type de sol et notamment tol\u00e8re bien les sols lourds et compacts. Il peut atteindre 4 \u00e0 5 m\u00e8tres.<\/p>\n<p><strong>A noter :<\/strong> ces arbres sont des portes-greffes qui ont rejet\u00e9 leur greffe 2 ann\u00e9es d&rsquo;affil\u00e9es mais ils doivent trouver leur emplacement d\u00e9finitif avant que leurs racines ne deviennent trop vieilles. Ayant \u00e9t\u00e9 recoup\u00e9s bas plusieurs fois, ils sont petits et affichent un retard de croissance mais repartiront bien une fois en place. A laisser en libre \u00e9volution ou \u00e0 re-greffer dans quelques temps.<\/p>\n","protected":false},"excerpt":{"rendered":"<p>Vari\u00e9t\u00e9 de p\u00eacher utilis\u00e9e comme porte-greffe \u00e0 feuilles rouges, facilitant la d\u00e9tection des rejets. De vigueur moyenne mais produit des arbres robustes de 2,5 \u00e0 4 m\u00e8tres ayant une long\u00e9vit\u00e9 de 25 ans. Adapt\u00e9 aux sols drain\u00e9s et l\u00e9g\u00e8rement acides, id\u00e9al pour les sols drainants ou pauvres.<\/p>\n<p><strong>Pour ne pas avoir de surprise, bien lire la note dans la description d\u00e9taill\u00e9e !<\/strong><\/p>\n","protected":false},"featured_media":0,"template":"","meta":[],"product_brand":[],"product_cat":[38,24,131],"product_tag":[],"class_list":{"0":"post-1571","1":"product","2":"type-product","3":"status-publish","5":"product_cat-arbres-fruitiers","6":"product_cat-pechers","7":"product_cat-portes-greffes","9":"entry","11":"first","12":"outofstock","13":"taxable","14":"shipping-taxable","15":"purchasable","16":"product-type-simple","17":"has-product-nav","18":"col","19":"span_1_of_4","20":"owp-content-center","21":"item-entry","22":"owp-thumbs-layout-horizontal","23":"owp-btn-normal","24":"owp-tabs-layout-section","25":"has-no-thumbnails"},"_links":{"self":[{"href":"https:\/\/refletsdarbres.fr\/index.php\/wp-json\/wp\/v2\/product\/1571","targetHints":{"allow":["GET"]}}],"collection":[{"href":"https:\/\/refletsdarbres.fr\/index.php\/wp-json\/wp\/v2\/product"}],"about":[{"href":"https:\/\/refletsdarbres.fr\/index.php\/wp-json\/wp\/v2\/types\/product"}],"wp:attachment":[{"href":"https:\/\/refletsdarbres.fr\/index.php\/wp-json\/wp\/v2\/media?parent=1571"}],"wp:term":[{"taxonomy":"product_brand","embeddable":true,"href":"https:\/\/refletsdarbres.fr\/index.php\/wp-json\/wp\/v2\/product_brand?post=1571"},{"taxonomy":"product_cat","embeddable":true,"href":"https:\/\/refletsdarbres.fr\/index.php\/wp-json\/wp\/v2\/product_cat?post=1571"},{"taxonomy":"product_tag","embeddable":true,"href":"https:\/\/refletsdarbres.fr\/index.php\/wp-json\/wp\/v2\/product_tag?post=1571"}],"curies":[{"name":"wp","href":"https:\/\/api.w.org\/{rel}","templated":true}]}}