{"id":1391,"date":"2025-09-29T07:59:54","date_gmt":"2025-09-29T05:59:54","guid":{"rendered":"https:\/\/refletsdarbres.fr\/?post_type=product&#038;p=1391"},"modified":"2026-03-22T11:20:41","modified_gmt":"2026-03-22T10:20:41","slug":"pomme-reale-dentraygue","status":"publish","type":"product","link":"https:\/\/refletsdarbres.fr\/index.php\/produit\/pomme-reale-dentraygue\/","title":{"rendered":"Pomme R\u00e9ale d&rsquo;Entraygue"},"content":{"rendered":"<div class=\"woocommerce-product-details__short-description\">\n<div class=\"elementor-element elementor-element-49c93cf elementor-widget elementor-widget-wl-single-product-short-description\" data-id=\"49c93cf\" data-element_type=\"widget\" data-widget_type=\"wl-single-product-short-description.default\">\n<div class=\"elementor-widget-container\">\n<div class=\"woocommerce-product-details__short-description\">\n<p data-start=\"0\" data-end=\"253\">\u00c9galement connu sous le nom de Reinette de Pons, cette vari\u00e9t\u00e9 ancienne est originaire de l\u2019Aveyron. Cet arbre fruitier se distingue par sa grande vigueur et son port \u00e9rig\u00e9, atteignant une hauteur de 6 \u00e0 8 m\u00e8tres. La floraison est tardive en mai. Les pommes sont de calibre moyen \u00e0 gros, pr\u00e9sentant une forme l\u00e9g\u00e8rement conique et c\u00f4tel\u00e9e. Leur peau mat vert d\u00e9veloppe une teinte ros\u00e9e \u00e0 maturit\u00e9. La chair, tr\u00e8s ferme et juteuse, est sucr\u00e9e avec un l\u00e9ger parfum de banane. La maturit\u00e9 des fruits est tr\u00e8s tardive, g\u00e9n\u00e9ralement en janvier, et ils peuvent \u00eatre consomm\u00e9s \u00e0 partir de la mi-d\u00e9cembre. Une des particularit\u00e9s de cette vari\u00e9t\u00e9 est la capacit\u00e9 des fruits \u00e0 rester sur l\u2019arbre tout l\u2019hiver sans chute, permettant une r\u00e9colte au fur et \u00e0 mesure des besoins. Ces pommes se conservent bien jusqu\u2019en avril, voire mai. Elles sont id\u00e9ales pour la consommation fra\u00eeche, mais conviennent \u00e9galement \u00e0 la confection de compotes, tartes et autres desserts.<\/p>\n<\/div>\n<\/div>\n<\/div>\n<\/div>\n<div><\/div>\n<div class=\"woocommerce-product-details__short-description\">\n<p><a href=\"https:\/\/refletsdarbres.fr\/index.php\/periodes-de-floraison-et-de-recolte\/\" target=\"_blank\" rel=\"noopener\"><u>Pour vous mieux choisir vos vari\u00e9t\u00e9s, cliquez ici pour consulter les calendriers de floraison et de r\u00e9colte.<\/u><\/a><\/p>\n<p>&nbsp;<\/p>\n<\/div>\n<p>Le porte-greffe du pommier class\u00e9s par taille et vigueur d\u00e9croissantes :<\/p>\n<p>&#8211; <strong>Franc Bittenfelder<\/strong> : issu du semis de p\u00e9pins s\u00e9lectionn\u00e9s, il donne des arbres vigoureux, grands et tr\u00e8s long\u00e9vifs, avec des racines bien ancr\u00e9es et donc adaptables \u00e0 de nombreux types de sols. La mise \u00e0 fruits est plus tardive (5-6 ans) mais tr\u00e8s abondante quand l\u2019arbre est \u00e2g\u00e9. Un porte-greffe tr\u00e8s \u00ab d\u00e9brouillard \u00bb, adapt\u00e9 pour des vergers en haute-tige, de beaux pommiers en sujet isol\u00e9, des r\u00e9coltes \u00e0 l\u2019\u00e9chelle ou au sol (pour le jus et les transformations).<\/p>\n<p>&#8211; <strong>M7*<\/strong> : donne des pommiers de taille moyenne (3 \u00e0 5m), avec des arbres bien enracin\u00e9s et r\u00e9sistants. Le calibre des fruits reste attrayant m\u00eame en saison s\u00e8che, mais il a tendance \u00e0 drageonner. Il commence \u00e0 fructifier en 3-4 ans et est r\u00e9sistant \u00e0 la s\u00e9cheresse. Il pr\u00e9sente une alternance marqu\u00e9e, produisant des fruits une ann\u00e9e sur deux.<\/p>\n<p>&#8211; <strong>M116*<\/strong> : \u00c9quivalent en vigueur et production au M7, il tol\u00e8re mieux les sols gorg\u00e9s d\u2019eau et r\u00e9siste excellemment au phytophtora.<\/p>\n<p>&#8211; <strong>M9<\/strong> : donne des pommiers peu vigoureux, bien adapt\u00e9s pour des vergers professionnels, des associations verger\/potager ou des petits jardins. Il demande taille, palissage et irrigation ; en contrepartie il produit tr\u00e8s vite (3 ans) et abondamment des fruits de beau calibre, faciles \u00e0 r\u00e9colter car il ne monte pas trop haut.<\/p>\n<p>*A partir de la production 2025 (donc pommiers vendus fin 2026), seul le M116 sera disponible, plus polyvalent en terme de sol que le M7.<\/p>\n<p>Actuellement, tous les arbres passent 2 saisons \u00e0 la p\u00e9pini\u00e8re.<\/p>\n","protected":false},"excerpt":{"rendered":"<p><em>Malus communis<\/em> \u2013 Familles des Rosac\u00e9es<\/p>\n<p>Vari\u00e9t\u00e9 ancienne de l\u2019Aveyron. Pommes sont de calibre moyen \u00e0 gros, peau mat vert d\u00e9veloppe une teinte ros\u00e9e \u00e0 maturit\u00e9. Chair, tr\u00e8s ferme et juteuse, sucr\u00e9e avec un l\u00e9ger parfum de banane. Consommation \u00e0 partir de la mi-d\u00e9cembre. Particularit\u00e9 : capacit\u00e9 des fruits \u00e0 rester sur l\u2019arbre tout l\u2019hiver sans chute, permettant une r\u00e9colte au fur et \u00e0 mesure des besoins. Conservation jusqu\u2019en mai.<\/p>\n<p>&nbsp;<\/p>\n","protected":false},"featured_media":1512,"template":"","meta":[],"product_brand":[],"product_cat":[38,25],"product_tag":[],"class_list":{"0":"post-1391","1":"product","2":"type-product","3":"status-publish","4":"has-post-thumbnail","6":"product_cat-arbres-fruitiers","7":"product_cat-pommiers","9":"entry","10":"has-media","12":"first","13":"outofstock","14":"taxable","15":"shipping-taxable","16":"purchasable","17":"product-type-variable","18":"has-default-attributes","19":"has-product-nav","20":"col","21":"span_1_of_4","22":"owp-content-center","23":"item-entry","24":"owp-thumbs-layout-horizontal","25":"owp-btn-normal","26":"owp-tabs-layout-section"},"_links":{"self":[{"href":"https:\/\/refletsdarbres.fr\/index.php\/wp-json\/wp\/v2\/product\/1391","targetHints":{"allow":["GET"]}}],"collection":[{"href":"https:\/\/refletsdarbres.fr\/index.php\/wp-json\/wp\/v2\/product"}],"about":[{"href":"https:\/\/refletsdarbres.fr\/index.php\/wp-json\/wp\/v2\/types\/product"}],"wp:featuredmedia":[{"embeddable":true,"href":"https:\/\/refletsdarbres.fr\/index.php\/wp-json\/wp\/v2\/media\/1512"}],"wp:attachment":[{"href":"https:\/\/refletsdarbres.fr\/index.php\/wp-json\/wp\/v2\/media?parent=1391"}],"wp:term":[{"taxonomy":"product_brand","embeddable":true,"href":"https:\/\/refletsdarbres.fr\/index.php\/wp-json\/wp\/v2\/product_brand?post=1391"},{"taxonomy":"product_cat","embeddable":true,"href":"https:\/\/refletsdarbres.fr\/index.php\/wp-json\/wp\/v2\/product_cat?post=1391"},{"taxonomy":"product_tag","embeddable":true,"href":"https:\/\/refletsdarbres.fr\/index.php\/wp-json\/wp\/v2\/product_tag?post=1391"}],"curies":[{"name":"wp","href":"https:\/\/api.w.org\/{rel}","templated":true}]}}

Pomme Réale d&rsquo;Entraygue

<div class="woocommerce-product-details__short-description">
<div class="elementor-element elementor-element-49c93cf elementor-widget elementor-widget-wl-single-product-short-description" data-id="49c93cf" data-element_type="widget" data-widget_type="wl-single-product-short-description.default">
<div class="elementor-widget-container">
<div class="woocommerce-product-details__short-description">
<p data-start="0" data-end="253">Également connu sous le nom de Reinette de Pons, cette variété ancienne est originaire de l’Aveyron. Cet arbre fruitier se distingue par sa grande vigueur et son port érigé, atteignant une hauteur de 6 à 8 mètres. La floraison est tardive en mai. Les pommes sont de calibre moyen à gros, présentant une forme légèrement conique et côtelée. Leur peau mat vert développe une teinte rosée à maturité. La chair, très ferme et juteuse, est sucrée avec un léger parfum de banane. La maturité des fruits est très tardive, généralement en janvier, et ils peuvent être consommés à partir de la mi-décembre. Une des particularités de cette variété est la capacité des fruits à rester sur l’arbre tout l’hiver sans chute, permettant une récolte au fur et à mesure des besoins. Ces pommes se conservent bien jusqu’en avril, voire mai. Elles sont idéales pour la consommation fraîche, mais conviennent également à la confection de compotes, tartes et autres desserts.</p>
</div>
</div>
</div>
</div>
<div></div>
<div class="woocommerce-product-details__short-description">
<p><a href="https://refletsdarbres.fr/index.php/periodes-de-floraison-et-de-recolte/" target="_blank" rel="noopener"><u>Pour vous mieux choisir vos variétés, cliquez ici pour consulter les calendriers de floraison et de récolte.</u></a></p>
<p>&nbsp;</p>
</div>
<p>Le porte-greffe du pommier classés par taille et vigueur décroissantes :</p>
<p>&#8211; <strong>Franc Bittenfelder</strong> : issu du semis de pépins sélectionnés, il donne des arbres vigoureux, grands et très longévifs, avec des racines bien ancrées et donc adaptables à de nombreux types de sols. La mise à fruits est plus tardive (5-6 ans) mais très abondante quand l’arbre est âgé. Un porte-greffe très « débrouillard », adapté pour des vergers en haute-tige, de beaux pommiers en sujet isolé, des récoltes à l’échelle ou au sol (pour le jus et les transformations).</p>
<p>&#8211; <strong>M7*</strong> : donne des pommiers de taille moyenne (3 à 5m), avec des arbres bien enracinés et résistants. Le calibre des fruits reste attrayant même en saison sèche, mais il a tendance à drageonner. Il commence à fructifier en 3-4 ans et est résistant à la sécheresse. Il présente une alternance marquée, produisant des fruits une année sur deux.</p>
<p>&#8211; <strong>M116*</strong> : Équivalent en vigueur et production au M7, il tolère mieux les sols gorgés d’eau et résiste excellemment au phytophtora.</p>
<p>&#8211; <strong>M9</strong> : donne des pommiers peu vigoureux, bien adaptés pour des vergers professionnels, des associations verger/potager ou des petits jardins. Il demande taille, palissage et irrigation ; en contrepartie il produit très vite (3 ans) et abondamment des fruits de beau calibre, faciles à récolter car il ne monte pas trop haut.</p>
<p>*A partir de la production 2025 (donc pommiers vendus fin 2026), seul le M116 sera disponible, plus polyvalent en terme de sol que le M7.</p>
<p>Actuellement, tous les arbres passent 2 saisons à la pépinière.</p>

<p><em>Malus communis</em> – Familles des Rosacées</p>
<p>Variété ancienne de l’Aveyron. Pommes sont de calibre moyen à gros, peau mat vert développe une teinte rosée à maturité. Chair, très ferme et juteuse, sucrée avec un léger parfum de banane. Consommation à partir de la mi-décembre. Particularité : capacité des fruits à rester sur l’arbre tout l’hiver sans chute, permettant une récolte au fur et à mesure des besoins. Conservation jusqu’en mai.</p>
<p>&nbsp;</p>
