{"id":1318,"date":"2025-09-26T09:49:43","date_gmt":"2025-09-26T07:49:43","guid":{"rendered":"https:\/\/refletsdarbres.fr\/?post_type=product&#038;p=1318"},"modified":"2026-03-22T11:18:22","modified_gmt":"2026-03-22T10:18:22","slug":"pomme-court-pendu-gris-du-limousin","status":"publish","type":"product","link":"https:\/\/refletsdarbres.fr\/index.php\/produit\/pomme-court-pendu-gris-du-limousin\/","title":{"rendered":"Pomme Court pendu gris du Limousin"},"content":{"rendered":"<div class=\"woocommerce-product-details__short-description\">\n<div class=\"elementor-element elementor-element-49c93cf elementor-widget elementor-widget-wl-single-product-short-description\" data-id=\"49c93cf\" data-element_type=\"widget\" data-widget_type=\"wl-single-product-short-description.default\">\n<div class=\"elementor-widget-container\">\n<div class=\"woocommerce-product-details__short-description\">\n<p>Court pendu gris du Limousin est une des plus anciennes vari\u00e9t\u00e9s fran\u00e7aises de notre patrimoine pomicole, d\u00e9j\u00e0 r\u00e9put\u00e9e avant l\u2019an 1400. Cette vari\u00e9t\u00e9 ancestrale du Limousin et de la Dordogne \u00e9tait consid\u00e9r\u00e9e au XVIe si\u00e8cle comme \u00ab la meilleure des pommes \u00bb et jouissait d\u2019une renomm\u00e9e europ\u00e9enne exceptionnelle. Son nom \u00ab Court pendu \u00bb fait r\u00e9f\u00e9rence \u00e0 son p\u00e9doncule caract\u00e9ristique tr\u00e8s court, particularit\u00e9 morphologique qui la distingue imm\u00e9diatement. La pomme Court Pendu Gris est de taille moyenne \u00e0 grosse, avec une peau lisse aux teintes vert li\u00e9geux m\u00eal\u00e9es de nuances dor\u00e9es. Sa chair dense et juteuse offre un \u00e9quilibre parfait entre douceur et acidit\u00e9. \u00c0 croquer fra\u00eeche, elle est aussi id\u00e9ale en confitures, gel\u00e9es, compotes et p\u00e2tisseries gr\u00e2ce \u00e0 sa richesse en pectine et ses ar\u00f4mes fruit\u00e9s. La r\u00e9colte \u00e0 lieu en octobre pour une conservation jusqu&rsquo;en avril. L\u2019arbre est de grande vigueur avec un port mi-ouvert et une dominance axiale marqu\u00e9e, mais aussi rustique (supporte des temp\u00e9ratures jusqu\u2019\u00e0 -25\u00b0C). Bien que partiellement autofertile, le Court pendu gris b\u00e9n\u00e9ficie grandement de la pr\u00e9sence de pollinisateurs comme Reine des Reinettes.<\/p>\n<\/div>\n<\/div>\n<\/div>\n<\/div>\n<div><\/div>\n<div class=\"woocommerce-product-details__short-description\">\n<p><a href=\"https:\/\/refletsdarbres.fr\/index.php\/periodes-de-floraison-et-de-recolte\/\" target=\"_blank\" rel=\"noopener\"><u>Pour vous mieux choisir vos vari\u00e9t\u00e9s, cliquez ici pour consulter les calendriers de floraison et de r\u00e9colte.<\/u><\/a><\/p>\n<p>&nbsp;<\/p>\n<\/div>\n<p>Le porte-greffe du pommier class\u00e9s par taille et vigueur d\u00e9croissantes :<\/p>\n<p>&#8211; <strong>Franc Bittenfelder<\/strong> : issu du semis de p\u00e9pins s\u00e9lectionn\u00e9s, il donne des arbres vigoureux, grands et tr\u00e8s long\u00e9vifs, avec des racines bien ancr\u00e9es et donc adaptables \u00e0 de nombreux types de sols. La mise \u00e0 fruits est plus tardive (5-6 ans) mais tr\u00e8s abondante quand l\u2019arbre est \u00e2g\u00e9. Un porte-greffe tr\u00e8s \u00ab d\u00e9brouillard \u00bb, adapt\u00e9 pour des vergers en haute-tige, de beaux pommiers en sujet isol\u00e9, des r\u00e9coltes \u00e0 l\u2019\u00e9chelle ou au sol (pour le jus et les transformations).<\/p>\n<p>&#8211; <strong>M7*<\/strong> : donne des pommiers de taille moyenne (3 \u00e0 5m), avec des arbres bien enracin\u00e9s et r\u00e9sistants. Le calibre des fruits reste attrayant m\u00eame en saison s\u00e8che, mais il a tendance \u00e0 drageonner. Il commence \u00e0 fructifier en 3-4 ans et est r\u00e9sistant \u00e0 la s\u00e9cheresse. Il pr\u00e9sente une alternance marqu\u00e9e, produisant des fruits une ann\u00e9e sur deux.<\/p>\n<p>&#8211; <strong>M116*<\/strong> : \u00c9quivalent en vigueur et production au M7, il tol\u00e8re mieux les sols gorg\u00e9s d\u2019eau et r\u00e9siste excellemment au phytophtora.<\/p>\n<p>&#8211; <strong>M9<\/strong> : donne des pommiers peu vigoureux, bien adapt\u00e9s pour des vergers professionnels, des associations verger\/potager ou des petits jardins. Il demande taille, palissage et irrigation ; en contrepartie il produit tr\u00e8s vite (3 ans) et abondamment des fruits de beau calibre, faciles \u00e0 r\u00e9colter car il ne monte pas trop haut.<\/p>\n<p>*A partir de la production 2025 (donc pommiers vendus fin 2026), seul le M116 sera disponible, plus polyvalent en terme de sol que le M7.<\/p>\n<p>Actuellement, tous les arbres passent 2 saisons \u00e0 la p\u00e9pini\u00e8re.<\/p>\n","protected":false},"excerpt":{"rendered":"<p><em>Malus communis<\/em> \u2013 Familles des Rosac\u00e9es<\/p>\n<p>Une des plus anciennes vari\u00e9t\u00e9s fran\u00e7aises. Pomme de taille moyenne \u00e0 grosse, avec une peau lisse aux teintes vert li\u00e9geux m\u00eal\u00e9es de nuances dor\u00e9es. Chair dense et juteuse, \u00e9quilibre parfait entre douceur et acidit\u00e9. \u00c0 croquer fra\u00eeche, aussi id\u00e9ale en confitures, gel\u00e9es, compotes et p\u00e2tisseries. R\u00e9colte en octobre pour une conservation jusqu&rsquo;en avril. Arbre de grande vigueur, rustique (jusqu\u2019\u00e0 -25\u00b0C). Partiellement autofertile.<\/p>\n<p>&nbsp;<\/p>\n","protected":false},"featured_media":1519,"template":"","meta":[],"product_brand":[],"product_cat":[38,25],"product_tag":[],"class_list":{"0":"post-1318","1":"product","2":"type-product","3":"status-publish","4":"has-post-thumbnail","6":"product_cat-arbres-fruitiers","7":"product_cat-pommiers","9":"entry","10":"has-media","12":"first","13":"outofstock","14":"taxable","15":"shipping-taxable","16":"purchasable","17":"product-type-variable","18":"has-default-attributes","19":"has-product-nav","20":"col","21":"span_1_of_4","22":"owp-content-center","23":"item-entry","24":"owp-thumbs-layout-horizontal","25":"owp-btn-normal","26":"owp-tabs-layout-section","27":"has-no-thumbnails"},"_links":{"self":[{"href":"https:\/\/refletsdarbres.fr\/index.php\/wp-json\/wp\/v2\/product\/1318","targetHints":{"allow":["GET"]}}],"collection":[{"href":"https:\/\/refletsdarbres.fr\/index.php\/wp-json\/wp\/v2\/product"}],"about":[{"href":"https:\/\/refletsdarbres.fr\/index.php\/wp-json\/wp\/v2\/types\/product"}],"wp:featuredmedia":[{"embeddable":true,"href":"https:\/\/refletsdarbres.fr\/index.php\/wp-json\/wp\/v2\/media\/1519"}],"wp:attachment":[{"href":"https:\/\/refletsdarbres.fr\/index.php\/wp-json\/wp\/v2\/media?parent=1318"}],"wp:term":[{"taxonomy":"product_brand","embeddable":true,"href":"https:\/\/refletsdarbres.fr\/index.php\/wp-json\/wp\/v2\/product_brand?post=1318"},{"taxonomy":"product_cat","embeddable":true,"href":"https:\/\/refletsdarbres.fr\/index.php\/wp-json\/wp\/v2\/product_cat?post=1318"},{"taxonomy":"product_tag","embeddable":true,"href":"https:\/\/refletsdarbres.fr\/index.php\/wp-json\/wp\/v2\/product_tag?post=1318"}],"curies":[{"name":"wp","href":"https:\/\/api.w.org\/{rel}","templated":true}]}}

<div class="woocommerce-product-details__short-description">
<div class="elementor-element elementor-element-49c93cf elementor-widget elementor-widget-wl-single-product-short-description" data-id="49c93cf" data-element_type="widget" data-widget_type="wl-single-product-short-description.default">
<div class="elementor-widget-container">
<div class="woocommerce-product-details__short-description">
<p>Court pendu gris du Limousin est une des plus anciennes variétés françaises de notre patrimoine pomicole, déjà réputée avant l’an 1400. Cette variété ancestrale du Limousin et de la Dordogne était considérée au XVIe siècle comme « la meilleure des pommes » et jouissait d’une renommée européenne exceptionnelle. Son nom « Court pendu » fait référence à son pédoncule caractéristique très court, particularité morphologique qui la distingue immédiatement. La pomme Court Pendu Gris est de taille moyenne à grosse, avec une peau lisse aux teintes vert liégeux mêlées de nuances dorées. Sa chair dense et juteuse offre un équilibre parfait entre douceur et acidité. À croquer fraîche, elle est aussi idéale en confitures, gelées, compotes et pâtisseries grâce à sa richesse en pectine et ses arômes fruités. La récolte à lieu en octobre pour une conservation jusqu&rsquo;en avril. L’arbre est de grande vigueur avec un port mi-ouvert et une dominance axiale marquée, mais aussi rustique (supporte des températures jusqu’à -25°C). Bien que partiellement autofertile, le Court pendu gris bénéficie grandement de la présence de pollinisateurs comme Reine des Reinettes.</p>
</div>
</div>
</div>
</div>
<div></div>
<div class="woocommerce-product-details__short-description">
<p><a href="https://refletsdarbres.fr/index.php/periodes-de-floraison-et-de-recolte/" target="_blank" rel="noopener"><u>Pour vous mieux choisir vos variétés, cliquez ici pour consulter les calendriers de floraison et de récolte.</u></a></p>
<p>&nbsp;</p>
</div>
<p>Le porte-greffe du pommier classés par taille et vigueur décroissantes :</p>
<p>&#8211; <strong>Franc Bittenfelder</strong> : issu du semis de pépins sélectionnés, il donne des arbres vigoureux, grands et très longévifs, avec des racines bien ancrées et donc adaptables à de nombreux types de sols. La mise à fruits est plus tardive (5-6 ans) mais très abondante quand l’arbre est âgé. Un porte-greffe très « débrouillard », adapté pour des vergers en haute-tige, de beaux pommiers en sujet isolé, des récoltes à l’échelle ou au sol (pour le jus et les transformations).</p>
<p>&#8211; <strong>M7*</strong> : donne des pommiers de taille moyenne (3 à 5m), avec des arbres bien enracinés et résistants. Le calibre des fruits reste attrayant même en saison sèche, mais il a tendance à drageonner. Il commence à fructifier en 3-4 ans et est résistant à la sécheresse. Il présente une alternance marquée, produisant des fruits une année sur deux.</p>
<p>&#8211; <strong>M116*</strong> : Équivalent en vigueur et production au M7, il tolère mieux les sols gorgés d’eau et résiste excellemment au phytophtora.</p>
<p>&#8211; <strong>M9</strong> : donne des pommiers peu vigoureux, bien adaptés pour des vergers professionnels, des associations verger/potager ou des petits jardins. Il demande taille, palissage et irrigation ; en contrepartie il produit très vite (3 ans) et abondamment des fruits de beau calibre, faciles à récolter car il ne monte pas trop haut.</p>
<p>*A partir de la production 2025 (donc pommiers vendus fin 2026), seul le M116 sera disponible, plus polyvalent en terme de sol que le M7.</p>
<p>Actuellement, tous les arbres passent 2 saisons à la pépinière.</p>

<p><em>Malus communis</em> – Familles des Rosacées</p>
<p>Une des plus anciennes variétés françaises. Pomme de taille moyenne à grosse, avec une peau lisse aux teintes vert liégeux mêlées de nuances dorées. Chair dense et juteuse, équilibre parfait entre douceur et acidité. À croquer fraîche, aussi idéale en confitures, gelées, compotes et pâtisseries. Récolte en octobre pour une conservation jusqu&rsquo;en avril. Arbre de grande vigueur, rustique (jusqu’à -25°C). Partiellement autofertile.</p>
<p>&nbsp;</p>
