{"id":1220,"date":"2025-09-16T15:00:23","date_gmt":"2025-09-16T13:00:23","guid":{"rendered":"https:\/\/refletsdarbres.fr\/?post_type=product&#038;p=1220"},"modified":"2026-03-22T11:07:18","modified_gmt":"2026-03-22T10:07:18","slug":"coing-de-provence","status":"publish","type":"product","link":"https:\/\/refletsdarbres.fr\/index.php\/produit\/coing-de-provence\/","title":{"rendered":"Coing de Provence"},"content":{"rendered":"<div class=\"woocommerce-product-details__short-description\">\n<div class=\"elementor-element elementor-element-49c93cf elementor-widget elementor-widget-wl-single-product-short-description\" data-id=\"49c93cf\" data-element_type=\"widget\" data-widget_type=\"wl-single-product-short-description.default\">\n<div class=\"elementor-widget-container\">\n<div class=\"woocommerce-product-details__short-description\">Le cognassier de Provence est utilis\u00e9 comme porte-greffe nanifiant pour les poiriers et les autres vari\u00e9t\u00e9s de cognassier. Mais il donne aussi des fruits parfum\u00e9s de calibre moyen \u00e0 gros.\n<\/div>\n<div>En test dans mon jardin : mise \u00e0 fruit en 3 ans, fruits de taille moyenne, maturit\u00e9 tardive novembre \/ d\u00e9cembre. Et tr\u00e8s bon transform\u00e9 en p\u00e2te de coing, compote, bonbons.\n<\/div>\n<\/div>\n<\/div>\n<\/div>\n<div>\n<\/div>\n<div><strong>A noter :<\/strong> ces arbres sont des portes-greffes qui ont rejet\u00e9 leur greffe 2 ann\u00e9es d&rsquo;affil\u00e9es mais ils doivent trouver leur emplacement d\u00e9finitif avant que leurs racines ne deviennent trop vieilles. Ayant \u00e9t\u00e9 recoup\u00e9s bas plusieurs fois, ils sont petits et affichent un retard de croissance mais repartiront bien une fois en place. A laisser en libre \u00e9volution ou \u00e0 re-greffer dans quelques temps.\n<\/div>\n<div>\n<\/div>\n<div class=\"woocommerce-product-details__short-description\"><a href=\"https:\/\/refletsdarbres.fr\/index.php\/periodes-de-floraison-et-de-recolte\/\" target=\"_blank\" rel=\"noopener\"><u>Pour vous mieux choisir vos vari\u00e9t\u00e9s, cliquez ici pour consulter les calendriers de floraison et de r\u00e9colte.<\/u><\/a><\/p>\n<\/div>\n<p>Le porte-greffe du cognassier:<\/p>\n<p>&#8211; <strong>Cognassier de Provence \u00ab\u00a0BA29\u00a0\u00bb<\/strong> : produit des arbres de taille moyenne, pas trop vigoureux, offrant rapidement des fruits assez gros et de qualit\u00e9. Il a une long\u00e9vit\u00e9 d\u2019au moins 50 ans. Il prosp\u00e8re dans des sols riches et profonds, bien qu\u2019il puisse tol\u00e9rer la s\u00e9cheresse et une l\u00e9g\u00e8re pr\u00e9sence de calcaire.<\/p>\n<p>Actuellement, tous les arbres passent 2 saisons \u00e0 la p\u00e9pini\u00e8re.<\/p>\n","protected":false},"excerpt":{"rendered":"<p><em>Cydonia oblonga<\/em> \u2013 Familles des Rosac\u00e9es<\/p>\n<div class=\"elementor-widget-container\">\n<div class=\"woocommerce-product-details__short-description\">Le cognassier de Provence est utilis\u00e9 comme porte-greffe nanifiant pour les poiriers et les autres vari\u00e9t\u00e9s de cognassier. Mais il donne aussi des fruits parfum\u00e9s de calibre moyen \u00e0 gros.\n<\/div>\n<div class=\"woocommerce-product-details__short-description\">Ces arbres sont des portes-greffes o\u00f9 la greffe n\u2019a pas prise 2 ann\u00e9es de suite et qui doivent trouver leur emplacement d\u00e9finitif avant que les racines ne soient trop vieilles. Ils sont donc de petite taille car d\u00e9j\u00e0 rabattus 2 fois, mais ils repartiront tr\u00e8s vite s\u2019ils ne sont plus emb\u00eat\u00e9s.\n<\/div>\n<div>\n<\/div>\n<\/div>\n<div><strong>Pour ne pas avoir de surprise, bien lire la note dans la description d\u00e9taill\u00e9e !<\/strong>\n<\/div>\n","protected":false},"featured_media":1226,"template":"","meta":[],"product_brand":[],"product_cat":[38,127,131],"product_tag":[],"class_list":{"0":"post-1220","1":"product","2":"type-product","3":"status-publish","4":"has-post-thumbnail","6":"product_cat-arbres-fruitiers","7":"product_cat-cognassiers","8":"product_cat-portes-greffes","10":"entry","11":"has-media","13":"first","14":"outofstock","15":"taxable","16":"shipping-taxable","17":"purchasable","18":"product-type-simple","19":"has-product-nav","20":"col","21":"span_1_of_4","22":"owp-content-center","23":"item-entry","24":"owp-thumbs-layout-horizontal","25":"owp-btn-normal","26":"owp-tabs-layout-section"},"_links":{"self":[{"href":"https:\/\/refletsdarbres.fr\/index.php\/wp-json\/wp\/v2\/product\/1220","targetHints":{"allow":["GET"]}}],"collection":[{"href":"https:\/\/refletsdarbres.fr\/index.php\/wp-json\/wp\/v2\/product"}],"about":[{"href":"https:\/\/refletsdarbres.fr\/index.php\/wp-json\/wp\/v2\/types\/product"}],"wp:featuredmedia":[{"embeddable":true,"href":"https:\/\/refletsdarbres.fr\/index.php\/wp-json\/wp\/v2\/media\/1226"}],"wp:attachment":[{"href":"https:\/\/refletsdarbres.fr\/index.php\/wp-json\/wp\/v2\/media?parent=1220"}],"wp:term":[{"taxonomy":"product_brand","embeddable":true,"href":"https:\/\/refletsdarbres.fr\/index.php\/wp-json\/wp\/v2\/product_brand?post=1220"},{"taxonomy":"product_cat","embeddable":true,"href":"https:\/\/refletsdarbres.fr\/index.php\/wp-json\/wp\/v2\/product_cat?post=1220"},{"taxonomy":"product_tag","embeddable":true,"href":"https:\/\/refletsdarbres.fr\/index.php\/wp-json\/wp\/v2\/product_tag?post=1220"}],"curies":[{"name":"wp","href":"https:\/\/api.w.org\/{rel}","templated":true}]}}