{"id":506,"date":"2024-09-29T11:36:00","date_gmt":"2024-09-29T09:36:00","guid":{"rendered":"https:\/\/refletsdarbres.fr\/?page_id=506"},"modified":"2024-09-29T19:51:38","modified_gmt":"2024-09-29T17:51:38","slug":"des-racines-nues","status":"publish","type":"page","link":"https:\/\/refletsdarbres.fr\/index.php\/des-racines-nues\/","title":{"rendered":"Des racines nues ?"},"content":{"rendered":"\t\t<div data-elementor-type=\"wp-page\" data-elementor-id=\"506\" class=\"elementor elementor-506\">\n\t\t\t\t<div class=\"elementor-element elementor-element-386e1e3 e-flex e-con-boxed e-con e-parent\" data-id=\"386e1e3\" data-element_type=\"container\" data-e-type=\"container\">\n\t\t\t\t\t<div class=\"e-con-inner\">\n\t\t\t\t<div class=\"elementor-element elementor-element-b63a14d elementor-widget elementor-widget-heading\" data-id=\"b63a14d\" data-element_type=\"widget\" data-e-type=\"widget\" data-widget_type=\"heading.default\">\n\t\t\t\t<div class=\"elementor-widget-container\">\n\t\t\t\t\t<h1 class=\"elementor-heading-title elementor-size-default\">Des plants en racines nues ?<\/h1>\t\t\t\t<\/div>\n\t\t\t\t<\/div>\n\t\t\t\t<div class=\"elementor-element elementor-element-b1967b8 elementor-widget elementor-widget-text-editor\" data-id=\"b1967b8\" data-element_type=\"widget\" data-e-type=\"widget\" data-widget_type=\"text-editor.default\">\n\t\t\t\t<div class=\"elementor-widget-container\">\n\t\t\t\t\t\t\t\t\t<p>L&rsquo;av\u00e8nement du plastique et des jardineries offrant la possibilit\u00e9 d&rsquo;acheter arbres, arbustes et autres plantes au gr\u00e8s de ses envies \u00e0 n&rsquo;importe quel moment de l&rsquo;ann\u00e9e, ont fait oublier \u00e0 beaucoup les fondamentaux :<\/p><ul><li>chez un arbre en bonne sant\u00e9, le volume des racines est \u00e0 peu pr\u00e8s \u00e9quivalent \u00e0 celui de la partie a\u00e9rienne, ce qui est incompatible avec un d\u00e9veloppement en pot,<\/li><li>les plants se transplante en hiver pendant leur repos v\u00e9g\u00e9tatif,<\/li><li>un jeune arbre de grande taille n&rsquo;est pas forc\u00e9ment signe de bonne sant\u00e9 : en horticulture conventionnelle, l&rsquo;utilisation d&rsquo;engrais tr\u00e8s azot\u00e9s provoque une croissance importante due \u00e0 une production intense de sucres par l&rsquo;arbre au d\u00e9triment de ses d\u00e9fenses immunitaires. Ces sucres sont tr\u00e8s attirants pour les organismes dits \u00ab\u00a0nuisibles\u00a0\u00bb quand ils sont trop nombreux.<\/li><\/ul>\t\t\t\t\t\t\t\t<\/div>\n\t\t\t\t<\/div>\n\t\t\t\t\t<\/div>\n\t\t\t\t<\/div>\n\t\t<div class=\"elementor-element elementor-element-d72ae0a e-flex e-con-boxed e-con e-parent\" data-id=\"d72ae0a\" data-element_type=\"container\" data-e-type=\"container\">\n\t\t\t\t\t<div class=\"e-con-inner\">\n\t\t<div class=\"elementor-element elementor-element-e441f78 e-grid e-con-full e-con e-child\" data-id=\"e441f78\" data-element_type=\"container\" data-e-type=\"container\" data-settings=\"{&quot;background_background&quot;:&quot;classic&quot;}\">\n\t\t<div class=\"elementor-element elementor-element-88d50ae e-grid e-con-full e-con e-child\" data-id=\"88d50ae\" data-element_type=\"container\" data-e-type=\"container\">\n\t\t\t\t<div class=\"elementor-element elementor-element-e33d114 elementor-widget elementor-widget-text-editor\" data-id=\"e33d114\" data-element_type=\"widget\" data-e-type=\"widget\" data-widget_type=\"text-editor.default\">\n\t\t\t\t<div class=\"elementor-widget-container\">\n\t\t\t\t\t\t\t\t\t<p>Les arbres poussent dans un sol vivant en harmonie avec ses microfaune, microflore, bact\u00e9ries et champignon pas dans le plastique !<\/p><p>\u00a0<\/p>\t\t\t\t\t\t\t\t<\/div>\n\t\t\t\t<\/div>\n\t\t\t\t<div class=\"elementor-element elementor-element-a4a941b elementor-widget elementor-widget-text-editor\" data-id=\"a4a941b\" data-element_type=\"widget\" data-e-type=\"widget\" data-widget_type=\"text-editor.default\">\n\t\t\t\t<div class=\"elementor-widget-container\">\n\t\t\t\t\t\t\t\t\t<p>Ici, tous les plants poussent dans le sol, les racines ont plus d\u2019espace pour leur croissance et prennent une forme naturelle quelle soit tra\u00e7ante ou pivotante : pas d\u2019emm\u00ealement ou de racines en tire-bouchon (chignon). Cette m\u00e9thode favorise un excellent chevelu racinaire assurant une meilleure reprise, croissance et r\u00e9sistance au vent et \u00e0 la s\u00e9cheresse.<\/p><p>A l&rsquo;automne, la plante envoie ses r\u00e9serves nutritives vers ses racines, perd ses feuilles et entre en dormance. Les pieds sont alors d\u00e9licatement sortis de terre et si la plantation n&rsquo;a pas lieu directement, ils doivent \u00eatre mis en jauge pour \u00eatre conserv\u00e9s dans de bonnes conditions.<\/p>\t\t\t\t\t\t\t\t<\/div>\n\t\t\t\t<\/div>\n\t\t\t\t<\/div>\n\t\t<div class=\"elementor-element elementor-element-a23a4ba e-grid e-con-full e-con e-child\" data-id=\"a23a4ba\" data-element_type=\"container\" data-e-type=\"container\">\n\t\t\t\t<div class=\"elementor-element elementor-element-4f79160 elementor-widget elementor-widget-heading\" data-id=\"4f79160\" data-element_type=\"widget\" data-e-type=\"widget\" data-widget_type=\"heading.default\">\n\t\t\t\t<div class=\"elementor-widget-container\">\n\t\t\t\t\t<h2 class=\"elementor-heading-title elementor-size-default\">Pour acheter des plants en racines nues<\/h2>\t\t\t\t<\/div>\n\t\t\t\t<\/div>\n\t\t\t\t<div class=\"elementor-element elementor-element-bcf3a9d elementor-widget elementor-widget-image\" data-id=\"bcf3a9d\" data-element_type=\"widget\" data-e-type=\"widget\" data-widget_type=\"image.default\">\n\t\t\t\t<div class=\"elementor-widget-container\">\n\t\t\t\t\t\t\t\t\t\t\t\t\t\t\t<img fetchpriority=\"high\" decoding=\"async\" width=\"1024\" height=\"630\" src=\"https:\/\/refletsdarbres.fr\/wp-content\/uploads\/2024\/09\/achat-1024x630.png\" class=\"attachment-large size-large wp-image-342\" alt=\"\" srcset=\"https:\/\/refletsdarbres.fr\/wp-content\/uploads\/2024\/09\/achat-1024x630.png 1024w, https:\/\/refletsdarbres.fr\/wp-content\/uploads\/2024\/09\/achat-300x185.png 300w, https:\/\/refletsdarbres.fr\/wp-content\/uploads\/2024\/09\/achat-768x473.png 768w, https:\/\/refletsdarbres.fr\/wp-content\/uploads\/2024\/09\/achat-1320x812.png 1320w, https:\/\/refletsdarbres.fr\/wp-content\/uploads\/2024\/09\/achat-600x369.png 600w, https:\/\/refletsdarbres.fr\/wp-content\/uploads\/2024\/09\/achat.png 1490w\" sizes=\"(max-width: 1024px) 100vw, 1024px\" \/>\t\t\t\t\t\t\t\t\t\t\t\t\t\t\t<\/div>\n\t\t\t\t<\/div>\n\t\t\t\t<\/div>\n\t\t\t\t<\/div>\n\t\t\t\t\t<\/div>\n\t\t\t\t<\/div>\n\t\t\t\t<\/div>\n\t\t","protected":false},"excerpt":{"rendered":"<p>Des plants en racines nues ? L&rsquo;av\u00e8nement du plastique et des jardineries offrant la possibilit\u00e9 d&rsquo;acheter arbres, arbustes et autres plantes au gr\u00e8s de ses envies \u00e0 n&rsquo;importe quel moment de l&rsquo;ann\u00e9e, ont fait oublier \u00e0 beaucoup les fondamentaux : chez un arbre en bonne sant\u00e9, le volume des racines est \u00e0 peu pr\u00e8s \u00e9quivalent [&hellip;]<\/p>\n","protected":false},"author":1,"featured_media":0,"parent":0,"menu_order":0,"comment_status":"closed","ping_status":"closed","template":"","meta":{"footnotes":""},"class_list":["post-506","page","type-page","status-publish","hentry","entry","owp-thumbs-layout-horizontal","owp-btn-normal","owp-tabs-layout-section","has-no-thumbnails","has-product-nav"],"_links":{"self":[{"href":"https:\/\/refletsdarbres.fr\/index.php\/wp-json\/wp\/v2\/pages\/506","targetHints":{"allow":["GET"]}}],"collection":[{"href":"https:\/\/refletsdarbres.fr\/index.php\/wp-json\/wp\/v2\/pages"}],"about":[{"href":"https:\/\/refletsdarbres.fr\/index.php\/wp-json\/wp\/v2\/types\/page"}],"author":[{"embeddable":true,"href":"https:\/\/refletsdarbres.fr\/index.php\/wp-json\/wp\/v2\/users\/1"}],"replies":[{"embeddable":true,"href":"https:\/\/refletsdarbres.fr\/index.php\/wp-json\/wp\/v2\/comments?post=506"}],"version-history":[{"count":7,"href":"https:\/\/refletsdarbres.fr\/index.php\/wp-json\/wp\/v2\/pages\/506\/revisions"}],"predecessor-version":[{"id":579,"href":"https:\/\/refletsdarbres.fr\/index.php\/wp-json\/wp\/v2\/pages\/506\/revisions\/579"}],"wp:attachment":[{"href":"https:\/\/refletsdarbres.fr\/index.php\/wp-json\/wp\/v2\/media?parent=506"}],"curies":[{"name":"wp","href":"https:\/\/api.w.org\/{rel}","templated":true}]}}

<div data-elementor-type="wp-page" data-elementor-id="506" class="elementor elementor-506">
				<div class="elementor-element elementor-element-386e1e3 e-flex e-con-boxed e-con e-parent" data-id="386e1e3" data-element_type="container" data-e-type="container">
					<div class="e-con-inner">
				<div class="elementor-element elementor-element-b63a14d elementor-widget elementor-widget-heading" data-id="b63a14d" data-element_type="widget" data-e-type="widget" data-widget_type="heading.default">
				<div class="elementor-widget-container">
					<h1 class="elementor-heading-title elementor-size-default">Des plants en racines nues ?</h1>				</div>
				</div>
				<div class="elementor-element elementor-element-b1967b8 elementor-widget elementor-widget-text-editor" data-id="b1967b8" data-element_type="widget" data-e-type="widget" data-widget_type="text-editor.default">
				<div class="elementor-widget-container">
									<p>L&rsquo;avènement du plastique et des jardineries offrant la possibilité d&rsquo;acheter arbres, arbustes et autres plantes au grès de ses envies à n&rsquo;importe quel moment de l&rsquo;année, ont fait oublier à beaucoup les fondamentaux :</p><ul><li>chez un arbre en bonne santé, le volume des racines est à peu près équivalent à celui de la partie aérienne, ce qui est incompatible avec un développement en pot,</li><li>les plants se transplante en hiver pendant leur repos végétatif,</li><li>un jeune arbre de grande taille n&rsquo;est pas forcément signe de bonne santé : en horticulture conventionnelle, l&rsquo;utilisation d&rsquo;engrais très azotés provoque une croissance importante due à une production intense de sucres par l&rsquo;arbre au détriment de ses défenses immunitaires. Ces sucres sont très attirants pour les organismes dits « nuisibles » quand ils sont trop nombreux.</li></ul>								</div>
				</div>
					</div>
				</div>
		<div class="elementor-element elementor-element-d72ae0a e-flex e-con-boxed e-con e-parent" data-id="d72ae0a" data-element_type="container" data-e-type="container">
					<div class="e-con-inner">
		<div class="elementor-element elementor-element-e441f78 e-grid e-con-full e-con e-child" data-id="e441f78" data-element_type="container" data-e-type="container" data-settings="{&quot;background_background&quot;:&quot;classic&quot;}">
		<div class="elementor-element elementor-element-88d50ae e-grid e-con-full e-con e-child" data-id="88d50ae" data-element_type="container" data-e-type="container">
				<div class="elementor-element elementor-element-e33d114 elementor-widget elementor-widget-text-editor" data-id="e33d114" data-element_type="widget" data-e-type="widget" data-widget_type="text-editor.default">
				<div class="elementor-widget-container">
									<p>Les arbres poussent dans un sol vivant en harmonie avec ses microfaune, microflore, bactéries et champignon pas dans le plastique !</p><p> </p>								</div>
				</div>
				<div class="elementor-element elementor-element-a4a941b elementor-widget elementor-widget-text-editor" data-id="a4a941b" data-element_type="widget" data-e-type="widget" data-widget_type="text-editor.default">
				<div class="elementor-widget-container">
									<p>Ici, tous les plants poussent dans le sol, les racines ont plus d’espace pour leur croissance et prennent une forme naturelle quelle soit traçante ou pivotante : pas d’emmêlement ou de racines en tire-bouchon (chignon). Cette méthode favorise un excellent chevelu racinaire assurant une meilleure reprise, croissance et résistance au vent et à la sécheresse.</p><p>A l&rsquo;automne, la plante envoie ses réserves nutritives vers ses racines, perd ses feuilles et entre en dormance. Les pieds sont alors délicatement sortis de terre et si la plantation n&rsquo;a pas lieu directement, ils doivent être mis en jauge pour être conservés dans de bonnes conditions.</p>								</div>
				</div>
				</div>
		<div class="elementor-element elementor-element-a23a4ba e-grid e-con-full e-con e-child" data-id="a23a4ba" data-element_type="container" data-e-type="container">
				<div class="elementor-element elementor-element-4f79160 elementor-widget elementor-widget-heading" data-id="4f79160" data-element_type="widget" data-e-type="widget" data-widget_type="heading.default">
				<div class="elementor-widget-container">
					<h2 class="elementor-heading-title elementor-size-default">Pour acheter des plants en racines nues</h2>				</div>
				</div>
				<div class="elementor-element elementor-element-bcf3a9d elementor-widget elementor-widget-image" data-id="bcf3a9d" data-element_type="widget" data-e-type="widget" data-widget_type="image.default">
				<div class="elementor-widget-container">
															<img fetchpriority="high" decoding="async" width="1024" height="630" src="https://refletsdarbres.fr/wp-content/uploads/2024/09/achat-1024x630.png" class="attachment-large size-large wp-image-342" alt="" srcset="https://refletsdarbres.fr/wp-content/uploads/2024/09/achat-1024x630.png 1024w, https://refletsdarbres.fr/wp-content/uploads/2024/09/achat-300x185.png 300w, https://refletsdarbres.fr/wp-content/uploads/2024/09/achat-768x473.png 768w, https://refletsdarbres.fr/wp-content/uploads/2024/09/achat-1320x812.png 1320w, https://refletsdarbres.fr/wp-content/uploads/2024/09/achat-600x369.png 600w, https://refletsdarbres.fr/wp-content/uploads/2024/09/achat.png 1490w" sizes="(max-width: 1024px) 100vw, 1024px" />															</div>
				</div>
				</div>
				</div>
					</div>
				</div>
				</div>

<p>Des plants en racines nues ? L&rsquo;avènement du plastique et des jardineries offrant la possibilité d&rsquo;acheter arbres, arbustes et autres plantes au grès de ses envies à n&rsquo;importe quel moment de l&rsquo;année, ont fait oublier à beaucoup les fondamentaux : chez un arbre en bonne santé, le volume des racines est à peu près équivalent [&hellip;]</p>
